is the thousands digit of y?
3
Let s = -47080 - -70991. What is the tens digit of s?
1
Suppose -v = -13*v + 3*v. Suppose -3*k - 3*k + 2*k = v. Suppose 2*c = 8, -y - 3*c + c + 188 = k. What is the hundreds digit of y?
1
What is the tens digit of -26 + 0 + 23 + 3587 + 1?
8
What is the thousands digit of 18/(-72)*12340*4/(-10)?
1
Let c = -179 + 191. What is the hundreds digit of c/3*(-710)/(-20)?
1
Let m = 28 + -24. Suppose -4*q + 18 = -5*j, 2*q + 4 = -m*j - 26. What is the tens digit of -4 + 70 - (3 + j)?
6
Suppose -2*l + 12 = 10*c - 5*c, -5*l + 7 = c. Let w(h) = 0 - 5 + 5*h**2 + c - 6*h - 1. What is the tens digit of w(4)?
5
Let s(o) = -o - 5. Let k be s(-16). Let f be (-4 - 0)/(k/(-22)). What is the units digit of (-2 + 0)*(f - 9) + 88?
0
Let c(i) = -5*i**3 + 126*i**2 - 21*i - 141. What is the thousands digit of c(20)?
9
Let f be (-182)/(-35) - (0 + (-1)/(-5)). Suppose 402 = -f*j + 2252. What is the tens digit of j?
7
Suppose h + 2*n = 5, 5*n - 6 = -4*h + 5. Let u = 85 + h. What is the units digit of u?
4
Let n(j) = 5*j**3 + 9*j**2 - 24*j + 21. Let z = 321 - 315. What is the hundreds digit of n(z)?
2
Suppose -y + 18 = 154. Let a = y + -21. Let n = 286 + a. What is the hundreds digit of n?
1
Suppose -158*y = -172*y + 60634. What is the units digit of y?
1
Suppose -21*u + 57*u = 75807 + 7245. What is the thousands digit of u?
2
Suppose 0 = -2*h + 14*l - 15*l - 2, h + l + 2 = 0. Let v be 4/16 - (-615)/4. Suppose -2*c + v = -h*c. What is the tens digit of c?
7
Let x(p) = -p**2 - 8*p + 8. Let y be x(-9). What is the units digit of 51462/27 + (y - -8)?
3
What is the hundreds digit of 1*((-456)/(-88) + -5) + 284126/22?
9
Let v = 1855 + -1868. Let d(h) = 3*h**2 + 3*h + 13. Let q(p) = 2*p**2 + 2*p + 7. Let y(x) = -3*d(x) + 5*q(x). What is the hundreds digit of y(v)?
1
Suppose 79*u = -2*u + 113081 + 561730. What is the thousands digit of u?
8
Suppose -74*n + 274037 = -38*n - 515371. What is the tens digit of n?
2
Let a(h) = h**3 + 10*h**2 + 7*h + 15. Let u be a(-10). Let p = 66 + u. Suppose 0 = -k + p*k - 670. What is the units digit of k?
7
Let u = -4801 + 7076. What is the hundreds digit of u?
2
Suppose -11*v = -v - 137800 - 128990. What is the thousands digit of v?
6
What is the thousands digit of 4/(-28)*(20 - 67773)?
9
Suppose 4*k = -k + 4*x - 55, 33 = -3*k - 4*x. Let a = k + 12. What is the units digit of (a - 2) + 9 + 19?
7
Suppose 3*h + 322 = -29. Let n(m) = m**3 + 20*m**2 - 19*m + 16. Let q be n(-21). Let t = q - h. What is the tens digit of t?
9
Let x(s) = s**3 - 21*s**2 + 19*s + 24. Let h be x(19). Let z = -125 - h. What is the units digit of z?
2
Let w(p) = 22*p**2 - 6*p - 685. What is the tens digit of w(21)?
9
Let q(a) = 25*a + 321. Let d be q(-12). What is the tens digit of (-20496)/(-15) - d/(-35)?
6
Suppose -6*r = -13 - 41. Let w = r + -15. What is the tens digit of ((-8)/w + -2)/((-2)/267)?
8
Suppose 0 = -o + 5*f + 3, 0 = -2*o - 2*f - 0*f + 18. Suppose o*t + 2530 = 19*t. What is the hundreds digit of t?
2
Suppose 19*r + 732 = 21*r. Let a = 495 - r. What is the tens digit of a?
2
Let l(k) = -1085*k + 25. Let t(o) = o**2 - 16*o + 54. Let j be t(11). What is the thousands digit of l(j)?
1
Let n be ((-1)/2)/(6/1152). What is the hundreds digit of (-13888)/n*(-6)/(-7)?
1
Let l(y) = -6*y - 56. Let w be l(-13). Let n(a) = -a**3 + 22*a**2 + 11*a + 93. What is the hundreds digit of n(w)?
3
Suppose -5*v + 5 = -2*w, -v = -0*v - 4*w + 17. Suppose q = -v*z + 119 + 296, -2*z + 266 = -2*q. What is the units digit of z?
7
Let r(k) be the second derivative of -k**4/12 - 7*k**3/3 - 4*k**2 + 4*k. What is the tens digit of r(-10)?
3
Suppose 0 = 13*f + 3*s - 445587, 5*f - 34283 = 4*f - 2*s. What is the ten thousands digit of f?
3
Suppose 5*u - 5 = 0, u - 2 - 7 = -2*w. Suppose w*q = 2*p - 54 - 26, 3*p = 2*q + 108. Let n = p + 134. What is the tens digit of n?
6
Let w(u) = 2*u**2 - 32*u + 327. What is the units digit of w(56)?
7
Let w(g) be the first derivative of 9 + 28*g - 21/2*g**2 - 1/3*g**3. What is the tens digit of w(-17)?
9
Let o be -2*((48/4)/(-4) - -2). Suppose 3*g = -4 - o. What is the hundreds digit of (0 + -1 - 0) + (111 - g)?
1
Suppose -1391*t + 4809 = -1388*t. What is the tens digit of t?
0
Let n(g) = g**3 + 3*g**2 + 2*g. Let j be (-2 + 1)*-2 - -3. What is the tens digit of n(j)?
1
Let z(i) = -16*i - 7. Let u(w) = 13*w**3 - w - 3*w**3 - 1 - 5*w**2 - 9*w**3. Let a be u(5). What is the tens digit of z(a)?
8
Suppose -3*q = 2*c - 20, c = 5*c - 4*q. Suppose c*j + 4*v - 534 = 2*v, -3*j + 2*v = -383. What is the tens digit of j?
3
What is the thousands digit of (13 - 3134)*(-7 + 15/3)?
6
Suppose -3*q - 14508 = -3*b, 152*q + 4833 = b + 150*q. What is the units digit of b?
9
Suppose 0 = 3*g - 0. Suppose 344 = -g*v + 4*v. Let s = 53 + v. What is the units digit of s?
9
Suppose 0 = 2*a + 2*a - 13*f - 10115, -a + 2530 = -3*f. What is the tens digit of a?
4
Suppose 9*u = 27 + 9. Suppose -3*a + 6*a + 2*o - 406 = 0, -u*a + 545 = -o. What is the hundreds digit of a?
1
Let c(a) = a**3 + 7*a**2 - 6*a - 67. Let d be c(-7). Suppose -3*b + 5*p + 39 = 0, 0*p + 27 = b + 3*p. What is the units digit of (-955)/d + (-2 - b/(-10))?
8
Suppose 14*f - 10*f = 24. Suppose -2*r - 72 = f*r. Let c(u) = -9*u - 16. What is the units digit of c(r)?
5
Suppose -4*b - 4*c = -16, -c + 40 = 4*b + 27. Suppose -4*w + 3380 = b*x + x, -w - 853 = -x. What is the tens digit of x?
4
Let f(p) = -23*p**3 - 36*p**2 - 13*p + 53. Let t(h) = 5*h**3 + 9*h**2 + 3*h - 13. Let a(o) = 2*f(o) + 9*t(o). What is the tens digit of a(-8)?
6
Let v = -92158 + 137515. What is the hundreds digit of v?
3
Let d = 86805 + -56244. What is the units digit of d?
1
Suppose j - 956 - 705 = -2*x, -4*j - 5*x = -6632. What is the tens digit of j?
5
Let w(y) = 60*y - 43. Let i be w(9). Let s = 717 - i. Let m = s + -91. What is the tens digit of m?
2
Suppose 423*o - 458*o + 775379 = 226964. What is the thousands digit of o?
5
Let u(k) = -153*k - 23. Let b be u(-3). Let w = b + -302. What is the units digit of w?
4
Let i = 36628 + 16413. What is the tens digit of i?
4
Suppose -2140*y + 40 = -2130*y. Let o = -5 - -11. Suppose 2*r = 2*z + o + 6, 4 = y*z. What is the units digit of r?
7
Let c(r) = r**3 - 8*r**2 + 10*r - 16. Let j be c(7). Suppose -2*y = 3*t + j, y = 2*t + t - 7. What is the hundreds digit of 207/y*64/(-24)?
1
Let g = 53 - 58. Let a(n) be the first derivative of n**4/4 + 5*n**3/3 + 7*n + 88. What is the units digit of a(g)?
7
Let z be -352 + 5 + 2 - 3. Let v = z + 385. What is the units digit of v?
7
Suppose -559*s + 566*s = 91. Suppose 0 = s*t + 9*t - 14652. What is the hundreds digit of t?
6
Let m = -35 + 37. Suppose 0 + 14 = m*i. Suppose -6*z + i*z = 68. What is the units digit of z?
8
Let u(p) = 728*p - 1574. What is the tens digit of u(39)?
1
Let y be 11*1 + 33/(-33). Let b(a) = 3*a**2 - 26*a - 18. What is the units digit of b(y)?
2
Suppose 4*v = -5*x + 120127, -3*x - 5*v + 72058 = -0*x. What is the thousands digit of x?
4
Suppose 3604 = 3*p - 2*r, -4*r + 8 - 4 = 0. Let f = -702 + p. What is the tens digit of f?
0
Suppose -30805 = -2*w + 5*b, 2*w - 6*w - 2*b = -61526. What is the thousands digit of w?
5
Suppose 0 = -3*j + 70 - 88. What is the units digit of (-13)/(-39) + (-3580)/j?
7
Suppose 5*k - 2*p + 72 = -52, -5*k + 5*p - 115 = 0. What is the hundreds digit of (7 + k/4)/((-3)/(-2760))?
4
Suppose w = -2*y + 4*y - 6445, 9651 = 3*y + 4*w. What is the tens digit of y?
2
Let g = -420 - -422. Suppose -3*b - 414 = -5*d + 1738, g*d = 4*b + 872. What is the units digit of d?
8
Let c be 672 + (-2 + 2 - 3). Let x = -149 - -151. Suppose -4*i + c = -x*w + w, -3*w - 159 = -i. What is the units digit of i?
8
Let d = 94 + -139. Suppose 291 = 3*w + 8*v - 11*v, 6*v = -2*w + 210. Let k = d + w. What is the tens digit of k?
5
Let y(j) = -14*j + 2919. Let x be y(0). What is the tens digit of x/12 - (-3 - (-27)/12)?
4
Let d(g) = -g - 1. Let a be d(-1). Let o = a - -59. Suppose -203 + o = -9*i. What is the tens digit of i?
1
Suppose 0 = -2*n - 4*k + 16, -2*n + 18 = n + 4*k. Let i = -1443 - -1445. Suppose -6*q + 178 = i*u - n*q, 2*q = 2. What is the units digit of u?
7
Let c = -45 + 47. Suppose -c*t + t + 3 = 0. Suppose t*k + 2*b = 2*k + 121, 0 = k + 3*b - 116. What is the tens digit of k?
3
Let f(j) = 4*j**2 - 3*j + 5. Wh